22.
53
Calculate the remainder when 18570 is divided by 409.
165
What is the remainder when 20657 is divided by 52?
13
Calculate the remainder when 60143 is divided by 354.
317
What is the remainder when 26638 is divided by 3327?
22
Calculate the remainder when 888 is divided by 179.
172
Calculate the remainder when 4456 is divided by 144.
136
Calculate the remainder when 7020 is divided by 6937.
83
What is the remainder when 16144 is divided by 138?
136
Calculate the remainder when 214473 is divided by 26.
25
What is the remainder when 38560 is divided by 622?
618
What is the remainder when 136960 is divided by 68473?
14
Calculate the remainder when 11125 is divided by 348.
337
What is the remainder when 27632 is divided by 9210?
2
Calculate the remainder when 6729 is divided by 735.
114
Calculate the remainder when 500056 is divided by 234.
232
What is the remainder when 3715 is divided by 924?
19
Calculate the remainder when 732 is divided by 410.
322
What is the remainder when 7305 is divided by 111?
90
What is the remainder when 5384 is divided by 1790?
14
What is the remainder when 14775 is divided by 251?
217
What is the remainder when 20387 is divided by 114?
95
What is the remainder when 2822 is divided by 203?
183
Calculate the remainder when 25109 is divided by 204.
17
What is the remainder when 3859456 is divided by 1324?
1320
Calculate the remainder when 21026 is divided by 163.
162
Calculate the remainder when 177384 is divided by 242.
240
Calculate the remainder when 70531 is divided by 551.
3
What is the remainder when 2622 is divided by 94?
84
What is the remainder when 143333 is divided by 109?
107
Calculate the remainder when 117317 is divided by 358.
251
Calculate the remainder when 978 is divided by 316.
30
Calculate the remainder when 3356 is divided by 1117.
5
Calculate the remainder when 5156473 is divided by 26.
23
Calculate the remainder when 19336 is divided by 87.
22
What is the remainder when 101091 is divided by 313?
305
Calculate the remainder when 7188 is divided by 225.
213
Calculate the remainder when 50958 is divided by 280.
278
What is the remainder when 681 is divided by 236?
209
Calculate the remainder when 92971 is divided by 492.
475
What is the remainder when 150835 is divided by 28?
27
Calculate the remainder when 1801857 is divided by 1018.
1015
What is the remainder when 5132790 is divided by 302?
300
What is the remainder when 722584 is divided by 234?
226
Calculate the remainder when 282434 is divided by 150.
134
What is the remainder when 12229 is divided by 2444?
9
What is the remainder when 830 is divided by 411?
8
What is the remainder when 3907 is divided by 10?
7
What is the remainder when 670838 is divided by 21?
14
What is the remainder when 118054 is divided by 2461?
2387
What is the remainder when 95393 is divided by 13?
12
What is the remainder when 3862 is divided by 20?
2
Calculate the remainder when 6230 is divided by 877.
91
What is the remainder when 2047809 is divided by 945?
939
What is the remainder when 17166 is divided by 25?
16
Calculate the remainder when 4719102 is divided by 8.
6
What is the remainder when 80768 is divided by 26917?
17
Calculate the remainder when 1837 is divided by 609.
10
Calculate the remainder when 3112232 is divided by 35.
32
Calculate the remainder when 1486 is divided by 420.
226
What is the remainder when 355938 is divided by 37?
35
What is the remainder when 122352 is divided by 54?
42
Calculate the remainder when 11328 is divided by 139.
69
What is the remainder when 101899 is divided by 23?
9
What is the remainder when 17459 is divided by 273?
260
Calculate the remainder when 1477 is divided by 426.
199
Calculate the remainder when 23039 is divided by 114.
11
Calculate the remainder when 203305 is divided by 401.
399
What is the remainder when 4439 is divided by 4421?
18
Calculate the remainder when 33763 is divided by 268.
263
What is the remainder when 1140851 is divided by 2030?
2021
Calculate the remainder when 4230 is divided by 169.
5
What is the remainder when 6004 is divided by 22?
20
What is the remainder when 4773 is divided by 962?
925
What is the remainder when 15451 is divided by 8?
3
What is the remainder when 784 is divided by 26?
4
Calculate the remainder when 450436 is divided by 90080.
36
Calculate the remainder when 29199 is divided by 1449.
219
Calculate the remainder when 425 is divided by 49.
33
Calculate the remainder when 36276 is divided by 228.
24
What is the remainder when 4075 is divided by 50?
25
Calculate the remainder when 297311 is divided by 49548.
23
Calculate the remainder when 12006 is divided by 2990.
46
Calculate the remainder when 631166 is divided by 9.
5
What is the remainder when 141 is divided by 44?
9
What is the remainder when 15710 is divided by 30?
20
What is the remainder when 9356 is divided by 1328?
60
Calculate the remainder when 1390 is divided by 280.
270
Calculate the remainder when 341778 is divided by 68355.
3
Calculate the remainder when 4344 is divided by 2158.
28
Calculate the remainder when 433 is divided by 162.
109
What is the remainder when 533169 is divided by 407?
406
What is the remainder when 944 is divided by 51?
26
Calculate the remainder when 19196 is divided by 15.
11
Calculate the remainder when 159645 is divided by 65.
5
Calculate the remainder when 14338 is divided by 182.
142
What is the remainder when 10514 is divided by 5062?
390
What is the remainder when 11148 is divided by 5557?
34
Calculate the remainder when 10552 is divided by 17.
12
What is the remainder when 8259877 is divided by 370?
367
Calculate the remainder when 113517 is divided by 60.
57
What is the remainder when 368487 is divided by 213?
210
Calculate the remainder when 43523 is divided by 408.
275
What is the remainder when 207011 is divided by 15?
11
What is the remainder when 5472 is divided by 322?
320
Calculate the remainder when 52191 is divided by 233.
232
Calculate the remainder when 3755 is divided by 23.
6
What is the remainder when 17560 is divided by 231?
4
Calculate the remainder when 6555 is divided by 6525.
30
What is the remainder when 3199 is divided by 1061?
16
Calculate the remainder when 21010 is divided by 1215.
355
Calculate the remainder when 8264 is divided by 349.
237
Calculate the remainder when 3053 is divided by 117.
11
Calculate the remainder when 466256 is divided by 334.
326
What is the remainder when 78192 is divided by 9772?
16
Calculate the remainder when 2970 is divided by 2904.
66
What is the remainder when 3342 is divided by 536?
126
Calculate the remainder when 74792 is divided by 273.
263
Calculate the remainder when 3597 is divided by 889.
41
Calculate the remainder when 2442 is divided by 757.
171
Calculate the remainder when 25114 is divided by 101.
66
What is the remainder when 446855 is divided by 344?
343
Calculate the remainder when 4494 is divided by 5.
4
What is the remainder when 7941282 is divided by 52?
50
What is the remainder when 651649 is divided by 883?
878
What is the remainder when 23546 is divided by 20?
6
What is the remainder when 1944 is divided by 968?
8
Calculate the remainder when 539680 is divided by 14.
8
What is the remainder when 143362 is divided by 1147?
1134
What is the remainder when 8386 is divided by 4093?
200
Calculate the remainder when 39265 is divided by 265.
45
Calculate the remainder when 1822 is divided by 154.
128
Calculate the remainder when 1173 is divided by 361.
90
Calculate the remainder when 32853 is divided by 74.
71
What is the remainder when 98961 is divided by 2151?
15
Calculate the remainder when 12639 is divided by 6.
3
Calculate the remainder when 95978 is divided by 17.
13
Calculate the remainder when 184150 is divided by 46021.
66
What is the remainder when 19930 is divided by 132?
130
Calculate the remainder when 217863 is divided by 553.
534
Calculate the remainder when 6639 is divided by 2190.
69
Calculate the remainder when 20085 is divided by 62.
59
What is the remainder when 25605 is divided by 612?
513
Calculate the remainder when 355 is divided by 21.
19
What is the remainder when 79820 is divided by 16?
12
What is the remainder when 2641 is divided by 56?
9
Calculate the remainder when 208079 i